{"id":94,"date":"2025-01-09T10:53:12","date_gmt":"2025-01-09T10:53:12","guid":{"rendered":"https:\/\/cyberrisikocheck.me\/?page_id=94"},"modified":"2025-01-09T10:56:57","modified_gmt":"2025-01-09T10:56:57","slug":"impressum","status":"publish","type":"page","link":"https:\/\/cyberrisikocheck.me\/?page_id=94","title":{"rendered":"Impressum"},"content":{"rendered":"\t\t<div data-elementor-type=\"wp-page\" data-elementor-id=\"94\" class=\"elementor elementor-94\" data-elementor-post-type=\"page\">\n\t\t\t\t<div class=\"elementor-element elementor-element-11c6cdea e-flex e-con-boxed e-con e-parent\" data-id=\"11c6cdea\" data-element_type=\"container\" data-e-type=\"container\">\n\t\t\t\t\t<div class=\"e-con-inner\">\n\t\t\t\t<div class=\"elementor-element elementor-element-b69c0c2 elementor-widget elementor-widget-heading\" data-id=\"b69c0c2\" data-element_type=\"widget\" data-e-type=\"widget\" data-widget_type=\"heading.default\">\n\t\t\t\t<div class=\"elementor-widget-container\">\n\t\t\t\t\t<h1 class=\"elementor-heading-title elementor-size-default\">Impressum<\/h1>\t\t\t\t<\/div>\n\t\t\t\t<\/div>\n\t\t\t\t<div class=\"elementor-element elementor-element-1eeb6bcc elementor-widget elementor-widget-shortcode\" data-id=\"1eeb6bcc\" data-element_type=\"widget\" data-e-type=\"widget\" data-widget_type=\"shortcode.default\">\n\t\t\t\t<div class=\"elementor-widget-container\">\n\t\t\t\t\t\t\t<div class=\"elementor-shortcode\"><p>etherTec Systems GmbH<br \/>Gesch\u00e4ftsf\u00fchrer: Gesch\u00e4ftsf\u00fchrer: Jean-Luc Penasse &amp; Carsten Vogel<br \/>S\u00fcdwall 22<br \/>47798 Krefeld<br \/>Deutschland<br \/>Email: <a href=\"mailto:info@ethertec.net\">info@ethertec.net<\/a><br \/>Telefon: +49 2151 \/ 74 77 810<br \/>Gesellschafter: Wheel GmbH<br \/>Registergericht &amp; Registernummer: Krefeld HRB 16539<br \/>Umsatzsteuer-Identifikationsnummer: DE338346981<\/p>\n<p>Verantwortlich f\u00fcr den Inhalt: Jean-Luc Penasse und Carsten Vogel<\/p>\n<\/div>\n\t\t\t\t\t\t<\/div>\n\t\t\t\t<\/div>\n\t\t\t\t\t<\/div>\n\t\t\t\t<\/div>\n\t\t\t\t<\/div>\n\t\t","protected":false},"excerpt":{"rendered":"<p>Impressum<\/p>\n","protected":false},"author":2,"featured_media":0,"parent":0,"menu_order":0,"comment_status":"closed","ping_status":"closed","template":"elementor_header_footer","meta":{"footnotes":""},"class_list":["post-94","page","type-page","status-publish","hentry"],"_links":{"self":[{"href":"https:\/\/cyberrisikocheck.me\/index.php?rest_route=\/wp\/v2\/pages\/94","targetHints":{"allow":["GET"]}}],"collection":[{"href":"https:\/\/cyberrisikocheck.me\/index.php?rest_route=\/wp\/v2\/pages"}],"about":[{"href":"https:\/\/cyberrisikocheck.me\/index.php?rest_route=\/wp\/v2\/types\/page"}],"author":[{"embeddable":true,"href":"https:\/\/cyberrisikocheck.me\/index.php?rest_route=\/wp\/v2\/users\/2"}],"replies":[{"embeddable":true,"href":"https:\/\/cyberrisikocheck.me\/index.php?rest_route=%2Fwp%2Fv2%2Fcomments&post=94"}],"version-history":[{"count":7,"href":"https:\/\/cyberrisikocheck.me\/index.php?rest_route=\/wp\/v2\/pages\/94\/revisions"}],"predecessor-version":[{"id":106,"href":"https:\/\/cyberrisikocheck.me\/index.php?rest_route=\/wp\/v2\/pages\/94\/revisions\/106"}],"wp:attachment":[{"href":"https:\/\/cyberrisikocheck.me\/index.php?rest_route=%2Fwp%2Fv2%2Fmedia&parent=94"}],"curies":[{"name":"wp","href":"https:\/\/api.w.org\/{rel}","templated":true}]}}